- 24*g + 10*g + 5*g + 14*g. Determine d(2).
5
Let g(d) be the first derivative of -d**4/24 - d**3/2 + 3*d**2 + 3. Let y(t) be the second derivative of g(t). Let z be -3*((-30)/(-9) + -2). What is y(z)?
1
Let h be (5/(-5) - 1) + (-2 - -10). Suppose -8*q + 10*q + h = 0. Let y(z) = 3*z + 1. Calculate y(q).
-8
Let n be 45/(-4) + (-36)/(-144). Let v(k) = k**3 + 10*k**2 - 12*k + 11. Give v(n).
22
Let g(b) = -1 + b + 3 + 635*b**2 - 3 - 636*b**2. Let c(f) = 2*f**2 - f + 3. Let y(m) = -c(m) - 3*g(m). Give y(3).
3
Let n(y) be the first derivative of y**7/840 + y**6/72 - y**5/30 + y**4/4 - 8*y**3/3 + 6. Let s(u) be the third derivative of n(u). Give s(-6).
-6
Let j(z) = 8*z**2 + 1. Let a be ((-12)/2)/(9 - 12). Let g be a/3*42/28. What is j(g)?
9
Let g(t) = 2*t**2 - 5*t + 5. Let v = 31 + -31. Suppose v = 4*j - 10 - 6. Calculate g(j).
17
Let x(d) = 2*d**2 + d + 12. Let u(t) = -t**2 - t - 6. Let c(l) = 9*u(l) + 4*x(l). Let k be c(-4). Let n(w) = 2*w**2 + 2*w + 1. Calculate n(k).
5
Let n(m) be the first derivative of -m**4/4 + 10*m**3/3 - 11*m**2/2 + 9*m + 3. Calculate n(9).
-9
Let l = -5684 + 5687. Let i(z) = 4 - z**2 - z**2 + 2*z - 1. Give i(l).
-9
Let d be (-4)/(-16)*2 - 61/(-2). Suppose -5*h + 4*s = d, 3*h - 3*s + 17 = -s. Let j(f) = -5*f. Let i(n) = 36*n. Let z(k) = -6*i(k) - 44*j(k). Determine z(h).
-12
Let t(a) = -9*a**2 + 1. Suppose -4*b = 9 - 1. Let s be (-5)/2*b/5. Calculate t(s).
-8
Let q(v) = -2*v**2 - v + 2. Suppose -5*g = 3*u - 21 - 14, -2*u - 4*g = -22. Let c(i) = -3*i + 7. Let m be c(8). Let y = m + u. Determine q(y).
-4
Suppose 0 = -469*g + 470*g - 5*u - 21, -9 = -5*g + u. Let o(w) = 25*w. What is o(g)?
25
Let m(d) = 7*d**2 + 3*d + 7*d**2 - 26*d**2 + 2*d - 10 + 13*d**2. What is m(2)?
4
Let i(h) = 43 - 22 - 21 - h**3 + 5*h + 4*h**2. Give i(5).
0
Let w(y) = 4*y**3 + 593*y**2 - 3*y**3 + 18 - 300*y**2 - 310*y**2. Determine w(17).
18
Let k = 70 - 68. Let x = -21 + 32. Let o(f) = 8*f**3 + 20*f**2 - 20*f - 8. Let c(b) = 3*b**3 + 7*b**2 - 7*b - 3. Let g(m) = x*c(m) - 4*o(m). Determine g(k).
1
Let b(g) be the first derivative of -g**4/4 + g**3/3 + g**2 + 2*g + 274. Determine b(3).
-10
Let s(x) = -2*x**2 - 4*x - 3. Let i be 4/14 - 95/(-35). Suppose -i*z - 21 = 3. Let d be (z/(-12))/((-1)/3). What is s(d)?
-3
Let m(n) = 14*n - 105. Let s be m(7). Let q(y) = y**3 + 6*y**2 - 6*y - 2. Give q(s).
-9
Suppose 0 = 16*n + 26 + 38. Let g(i) = -i**2 - 4*i + 1. Give g(n).
1
Let q(j) = -104*j + 819. Let i be q(8). Let d(u) = u**2 + 16*u + 1. What is d(i)?
-38
Suppose 29 - 6 = 5*a + 3*i, 3*a = i + 11. Suppose -24 = 4*s + 2*q + 3*q, 0 = -a*q - 16. Let j(o) = 2*o**3 + o + 1. What is j(s)?
-2
Let k(f) = -5*f. Let q(a) = 2*a. Let n(y) = -4*k(y) - 11*q(y). Suppose j + 16 = 2*m + m, 4*j + 3*m - 11 = 0. Let i = j + 4. Determine n(i).
-6
Let s(a) = -11*a - 1 - 10*a - 13*a + 38*a. Determine s(-12).
-49
Let z(h) = h - 11. Let b(j) = -j**3 + 14*j**2 - 13*j + 3. Let t be b(13). Suppose -2*c + 15 = -t*c. Let y = 21 + c. Give z(y).
-5
Let l(j) = 3*j**2 + 1839*j + j**3 - 917*j - 925*j + 7. Give l(-4).
3
Let z be ((-1)/(-2))/(55/(-10) + 6). Let l(h) = -155*h - z + 3 + 156*h. Calculate l(-4).
-2
Let k(x) = x**2 - 1466 + 1466 - 6*x. Calculate k(5).
-5
Suppose -r - 1 + 3 = 0. Let w(a) = 0 + 2*a - 6*a + 2 + a**r. Let x = 6 + -3. What is w(x)?
-1
Let u = -125 - -125. Let a(d) = u - 25*d + 2 + 1 + 24*d. Give a(4).
-1
Let f(b) = -21*b**2 + 464*b - 50. Let w be f(22). Let i(t) = t**2 + 5*t + 0*t**2 + 4 + t. Calculate i(w).
4
Let z(w) = -w**2 - 5*w - 10. Suppose 2*k + 6 = 4*o, 5*o = -2*k - 33 - 0. Determine z(k).
-46
Let u(a) = -2*a - 9 - a**3 + 2 + 27*a**2 - 22*a**2. Determine u(5).
-17
Let q(x) = -2*x - 10. Suppose 32*y = 27*y - 40. Determine q(y).
6
Let g(h) = -6*h**2 + 1. Let f(s) = s**2 - s + 1. Let r be f(1). Let c be 2*(r - (-4)/8). Suppose -b + 4*b = -c. Calculate g(b).
-5
Let p(b) be the third derivative of -b**4/8 + 3*b**3/2 - 2*b**2. Let o be -1*-4*(3 + -2). Let r be p(o). Let a(t) = t + 3. Give a(r).
0
Let j(d) = -5*d**3 - 14*d**2 + 3*d - 11. Let b(v) = 14*v**3 + 40*v**2 - 8*v + 31. Let f(h) = -6*b(h) - 17*j(h). Determine f(2).
-5
Let w(z) = -z + 5. Let o(j) = -j**3 + j**2 + 6*j - 8. Let h be o(2). Suppose 4*s - 2*d - 26 = h, 0 = s - d - 3*d - 10. Calculate w(s).
-1
Let m(o) be the first derivative of o**4/4 + 7*o**3/3 + 3*o**2 - 7*o - 78. Determine m(-6).
-7
Let y be (-6)/(-15) - 42/5. Let t(j) = -252 - 244 + 759 - 252 + j. Calculate t(y).
3
Let g(w) be the third derivative of w**4/24 - w**3/6 + 16*w**2. Let a = 11 + -16. What is g(a)?
-6
Let f = 56 - 61. Let a(g) = g**3 + 3*g**2 - 7*g + 1. Determine a(f).
-14
Let l(y) = y**2 + y. Let x(d) = -5*d - 6. Let i be x(5). Let g = i - -26. Give l(g).
20
Let r(t) be the third derivative of t**9/60480 + t**8/5040 - t**7/5040 + t**6/720 - t**5/60 - 3*t**2. Let u(w) be the third derivative of r(w). Determine u(-3).
13
Let v(p) = -p**3 + p**2 + p + 7. Suppose -5*y = -2*r + 141, 4*r - 2*y = -y + 273. Let n = -68 + r. Determine v(n).
7
Let g = 283 + -289. Let n(v) = -v**2 - 5*v + 3. What is n(g)?
-3
Let p(m) be the second derivative of m**5/10 - m**4/4 - 5*m. Suppose 0 = b + 5*x + 23, -b + 28 - 1 = -5*x. Calculate p(b).
4
Let n(u) = -u**2 - 13*u - 23. Let p(h) = -4*h**2 - 22*h - 34. Let r be p(-4). Give n(r).
7
Let j(t) be the third derivative of -t**5/20 + t**4/6 - t**3 + 376*t**2. Determine j(4).
-38
Suppose 62*a + 93 = 65*a. Suppose 29 = 6*q - a. Let x(h) = 2*h - 15. Determine x(q).
5
Let i(t) = t**3 - 6*t**2 + t - 4. Let o(z) = -z**3 + 7*z**2 - 2*z + 4. Let l(n) = 5*i(n) + 4*o(n). Let f be (-2)/((-1)/3*(-9)/(-6)). Calculate l(f).
16
Let r(y) = -27*y + 5. Let c(s) = -17*s + 3. Let f(n) = 8*c(n) - 5*r(n). Let a be ((-2)/4)/((-2)/8). Suppose -4*b = -5*q + a*q - 4, q = 0. Give f(b).
-2
Let r = 27 + -153. Let i = r - -131. Let g(w) = w**2 - 5*w + 2. Determine g(i).
2
Let y(m) be the first derivative of -m**4/4 - 4*m**3/3 - m**2 + 3*m + 7. Let p(l) = -l**3 - 13*l**2 - 2*l - 29. Let k be p(-13). Calculate y(k).
0
Let g(j) = -j**3 - 2*j**2 - 2*j - 2. Suppose -2*l - 2*l - 16 = 0, 0 = 3*h + 2*l + 14. Give g(h).
2
Suppose -9 + 7 = 2*q. Let n be (24/(-40))/(-2*q/10). Let m(i) = -4*i - 2. Calculate m(n).
10
Let s(p) = p**3 - 5*p**2 - 5*p - 4. Let c(l) = -l**2 - 12*l + 294. Let o be c(12). Determine s(o).
2
Let a(d) be the first derivative of 0*d**2 + 1 - 1/6*d**4 + 0*d - 1/3*d**3 - 1/120*d**5. Let m(f) be the third derivative of a(f). What is m(-3)?
-1
Let g(p) be the second derivative of -p**4/24 + 3*p**3/2 - 4*p**2 - 11*p. Let u(o) be the first derivative of g(o). Calculate u(4).
5
Let v(s) be the third derivative of -s**5/60 - s**4/24 - s**3/6 - s**2 - 29. Suppose 0 = q + q - 22. Let l = q + -15. Give v(l).
-13
Suppose -5*q - 11 = 14. Let r be (-2)/q + 280/50. Let d(o) = o**3. Let i(c) = -10*c**3 - 2*c**2 + 1. Let s(y) = r*d(y) + i(y). Calculate s(1).
-5
Let s(a) be the first derivative of a**5/20 - a**4/2 - a**3/6 + 7*a**2/2 - 6*a + 24. Let h(t) be the first derivative of s(t). Give h(6).
1
Let v(h) = 2*h + 2 - 2 + h**3 + 2 - 5*h**2 - 1. Let u = 4 - 6. Let r = u + 4. Give v(r).
-7
Let b(x) = -x**3 + 2*x**2 + 4*x + 1. Suppose 8*k = 4*k, -3*k + 9 = 3*y. Suppose y*n + n = -20. Let u be -3 + (-3 - -4) - n. Calculate b(u).
4
Let l(s) be the third derivative of s**4/24 - s**3/6 + 34*s**2. Suppose 0 = -5*f - 1 + 6. Calculate l(f).
0
Let n(w) be the second derivative of -1/6*w**3 - 10*w + 2*w**2 + 0. Let g = 10 - 6. Calculate n(g).
0
Let j = -28 + 32. Suppose 0 = -j*y - 20, -7 = 2*l + y - 4. Let g(t) = -23*t**2 + t. Determine g(l).
-22
Let j(d) = -d + 7. Let u(x) = x - 15. Let o(p) = -7*j(p) - 3*u(p). Determine o(6).
20
Let o(a) be the first derivative of -5*a**3/3 - 14*a**2 - 14*a - 537. What is o(-5)?
1
Suppose 5*v - 4*r + 3 = 0, -3*v + 10*r + 9 = 13*r. Let h(p) = 8*p**2 + 2*p. Determine h(v).
10
Let z be ((-228)/18)/((-4)/(-6)). Let s = z + 16. Let h(q) be the first derivative of -q**4/4 - q**3 + 3*q**2/2 + 4*q + 2. Calculate h(s).
-5
Let x(i) be the first derivative of 3*i**2/2 - 9*i - 56. Determine x(6).
9
Let a(z) = 12*z**2 + 49*z. Let h be a(-4). Let s(c) = -c - 2. Determine s(h).
2
Let v(s) be the third derivative of s**6/120 + s**5/12 + 5*s**4/24 - s**3/2 - 1146*s**2. Let w = -1 + -3. Give v(w).
-7
Let j be (-1)/(6 - (-290)/(-50)). Let z(a